d by 57.
54
Calculate the remainder when 3356 is divided by 1116.
8
What is the remainder when 116 is divided by 24?
20
What is the remainder when 29 is divided by 7?
1
What is the remainder when 976 is divided by 79?
28
What is the remainder when 1623 is divided by 14?
13
What is the remainder when 3723 is divided by 47?
10
What is the remainder when 1155 is divided by 34?
33
What is the remainder when 752 is divided by 12?
8
What is the remainder when 104 is divided by 53?
51
What is the remainder when 782 is divided by 67?
45
Calculate the remainder when 298 is divided by 223.
75
What is the remainder when 1615 is divided by 347?
227
What is the remainder when 2006 is divided by 76?
30
What is the remainder when 103 is divided by 59?
44
Calculate the remainder when 1113 is divided by 35.
28
What is the remainder when 86 is divided by 23?
17
Calculate the remainder when 180 is divided by 106.
74
What is the remainder when 602 is divided by 4?
2
What is the remainder when 95 is divided by 42?
11
Calculate the remainder when 1045 is divided by 86.
13
What is the remainder when 14000 is divided by 67?
64
What is the remainder when 64 is divided by 34?
30
Calculate the remainder when 461 is divided by 17.
2
What is the remainder when 393 is divided by 5?
3
What is the remainder when 134 is divided by 65?
4
What is the remainder when 136 is divided by 52?
32
What is the remainder when 655 is divided by 44?
39
What is the remainder when 72 is divided by 19?
15
Calculate the remainder when 445 is divided by 16.
13
Calculate the remainder when 46 is divided by 16.
14
What is the remainder when 1147 is divided by 50?
47
What is the remainder when 85 is divided by 47?
38
Calculate the remainder when 762 is divided by 146.
32
What is the remainder when 96 is divided by 4?
0
What is the remainder when 2025 is divided by 67?
15
Calculate the remainder when 1916 is divided by 479.
0
Calculate the remainder when 13452 is divided by 464.
460
What is the remainder when 936 is divided by 100?
36
Calculate the remainder when 80 is divided by 32.
16
What is the remainder when 113 is divided by 64?
49
What is the remainder when 557 is divided by 38?
25
Calculate the remainder when 3190 is divided by 24.
22
Calculate the remainder when 713 is divided by 9.
2
What is the remainder when 244 is divided by 5?
4
Calculate the remainder when 79108 is divided by 10.
8
Calculate the remainder when 11663 is divided by 81.
80
Calculate the remainder when 358 is divided by 170.
18
Calculate the remainder when 1311 is divided by 13.
11
What is the remainder when 98 is divided by 27?
17
Calculate the remainder when 6693 is divided by 62.
59
Calculate the remainder when 228 is divided by 75.
3
What is the remainder when 587 is divided by 289?
9
Calculate the remainder when 1043 is divided by 42.
35
Calculate the remainder when 969 is divided by 140.
129
Calculate the remainder when 206 is divided by 34.
2
What is the remainder when 189 is divided by 28?
21
What is the remainder when 1658 is divided by 825?
8
Calculate the remainder when 1601 is divided by 89.
88
What is the remainder when 14758 is divided by 246?
244
What is the remainder when 649 is divided by 25?
24
What is the remainder when 19401 is divided by 66?
63
Calculate the remainder when 642 is divided by 28.
26
What is the remainder when 6321 is divided by 23?
19
Calculate the remainder when 393 is divided by 200.
193
What is the remainder when 6919 is divided by 2306?
1
What is the remainder when 31 is divided by 14?
3
What is the remainder when 3033 is divided by 69?
66
Calculate the remainder when 7 is divided by 3.
1
Calculate the remainder when 6017 is divided by 131.
122
Calculate the remainder when 2534 is divided by 65.
64
Calculate the remainder when 852 is divided by 284.
0
Calculate the remainder when 230 is divided by 11.
10
Calculate the remainder when 39 is divided by 14.
11
Calculate the remainder when 6028 is divided by 67.
65
What is the remainder when 432 is divided by 60?
12
Calculate the remainder when 2393 is divided by 348.
305
What is the remainder when 458 is divided by 77?
73
Calculate the remainder when 244 is divided by 32.
20
What is the remainder when 418 is divided by 15?
13
What is the remainder when 120 is divided by 115?
5
Calculate the remainder when 778 is divided by 772.
6
Calculate the remainder when 151 is divided by 11.
8
Calculate the remainder when 12219 is divided by 13.
12
Calculate the remainder when 106 is divided by 2.
0
Calculate the remainder when 1234 is divided by 211.
179
What is the remainder when 972 is divided by 60?
12
Calculate the remainder when 202 is divided by 30.
22
Calculate the remainder when 1424 is divided by 84.
80
Calculate the remainder when 597 is divided by 26.
25
What is the remainder when 65 is divided by 15?
5
What is the remainder when 97 is divided by 24?
1
Calculate the remainder when 1024 is divided by 61.
48
Calculate the remainder when 604 is divided by 51.
43
Calculate the remainder when 108 is divided by 55.
53
What is the remainder when 384 is divided by 105?
69
Calculate the remainder when 6901 is divided by 34.
33
What is the remainder when 115 is divided by 74?
41
What is the remainder when 1411 is divided by 1411?
0
Calculate the remainder when 922 is divided by 116.
110
What is the remainder when 285 is divided by 75?
60
Calculate the remainder when 1289 is divided by 10.
9
What is the remainder when 802 is divided by 26?
22
Calculate the remainder when 344 is divided by 87.
83
What is the remainder when 29903 is divided by 356?
355
What is the remainder when 967 is divided by 88?
87
What is the remainder when 104 is divided by 59?
45
What is the remainder when 155 is divided by 72?
11
What is the remainder when 3798 is divided by 40?
38
Calculate the remainder when 957 is divided by 20.
17
Calculate the remainder when 1198 is divided by 290.
38
What is the remainder when 37 is divided by 35?
2
What is the remainder when 10585 is divided by 134?
133
Calculate the remainder when 4380 is divided by 17.
11
Calculate the remainder when 298 is divided by 13.
12
What is the remainder when 2289 is divided by 191?
188
What is the remainder when 225 is divided by 107?
11
What is the remainder when 63 is divided by 13?
11
Calculate the remainder when 29 is divided by 2.
1
Calculate the remainder when 2 is divided by 2.
0
Calculate the remainder when 43 is divided by 29.
14
What is the remainder when 4271 is divided by 34?
21
What is the remainder when 334 is divided by 16?
14
Calculate the remainder when 2337 is divided by 65.
62
What is the remainder when 121 is divided by 11?
0
What is the remainder when 462 is divided by 52?
46
What is the remainder when 1309 is divided by 157?
53
Calculate the remainder when 378 is divided by 179.
20
Calculate the remainder when 378 is divided by 96.
90
What is the remainder when 1074 is divided by 354?
12
Calculate the remainder when 148 is divided by 9.
4
What is the remainder when 2077 is divided by 33?
31
What is the remainder when 526 is divided by 124?
30
What is the remainder when 463 is divided by 202?
59
Calculate the remainder when 243 is divided by 124.
119
Calculate the remainder when 6214 is divided by 28.
26
What is the remainder when 22445 is divided by 23?
20
Calculate the remainder when 1868 is divided by 89.
88
What is the remainder when 434 is divided by 28?
14
What is the remainder when 41796 is divided by 44?
40
What is the remainder when 49 is divided by 17?
15
Calculate the remainder when 3566 is divided by 889.
10
Calculate the remainder when 58 is divided by 12.
10
Calculate the remainder when 993 is divided by 505.
488
What is the remainder when 68 is divided by 18?
14
What is the remainder when 2167 is divided by 357?
25
Calculate the remainder when 510 is divided by 86.
80
What is the remainder when 1103 is divided by 544?
15
Calculate the remainder when 608 is divided by 47.
44
What is the remainder when 802 is divided by 17?
3
What is the remainder when 1037 is divided by 338?
23
Calculate the remainder when 101 is divided by 58.
43
Calculate the remainder when 20 is divided by 9.
2
Calculate the remainder when 946 is divided by 139.
112
What is the remainder when 27